 2. Let g be d(8). Let h be 10/g*-2*9. Suppose -2*f = -0*f - h. What is the tens digit of f?
1
Let o = 13 - 5. Suppose -o - 32 = 2*m. Let j = -10 - m. What is the tens digit of j?
1
Suppose -4*d - 245 = -3*s, 2*s - d = 3*s - 84. What is the units digit of s?
3
Suppose 0 = -4*l - 5*p + 39, 3*l - p - 45 - 8 = 0. What is the units digit of l?
6
Let k(m) = 2*m**3 - 2. What is the tens digit of k(2)?
1
Suppose -4*g - 150 = -9*g. Suppose g = n + 2*n. What is the units digit of n?
0
Let a = 5 + -3. Suppose 0 = a*c - c - 2. What is the units digit of c?
2
Let r = -7 + 22. What is the units digit of r?
5
Suppose 2*z + 2*b - 156 = 0, 145 + 122 = 4*z - 5*b. What is the units digit of z?
3
Let w = -3 - -5. Suppose 164 = 5*c - a, 3*c = -c - w*a + 120. Suppose -4*q + c + 8 = 0. What is the units digit of q?
0
Let u(z) = -11*z - 5. What is the units digit of u(-2)?
7
Suppose -285 = -4*o + 63. What is the tens digit of o?
8
Let j(m) = 2*m**2 - 5*m + 3. Let l be j(4). What is the units digit of (-75)/(-3)*6/l?
0
Let q = 26 + -15. Suppose q + 9 = 5*m. Let j = m + -1. What is the units digit of j?
3
Suppose 159 = 3*r - 12. What is the tens digit of r?
5
Let x(p) = 11*p + 2. What is the units digit of x(3)?
5
Let m(d) = 7*d - 4*d**2 - 3*d + d**3 - d**2 + 1. What is the units digit of m(4)?
1
Let h = -199 - -458. What is the tens digit of h?
5
Let k(d) = 3 + 6*d - 8 + 0. What is the tens digit of k(7)?
3
Suppose -2*v + 51 = 5*m - 30, -4*m = v - 63. Let u = 27 - m. What is the units digit of u?
2
Suppose -4*z = 5*g + 22, g = 4*z - 2*g + 6. Let j(m) = -m**3 + m**2 + 4*m + 3. What is the tens digit of j(z)?
2
Suppose 0 = 2*f - 2*m + 14, -2*m = -3*f - 4*m - 6. What is the units digit of (69/(-6))/(f/8)?
3
Let b(a) = a**3 - a**2 - a + 5. Let w be b(0). Suppose -h + 2*s = -13, w*s = -7*h + 3*h + 52. What is the tens digit of h?
1
What is the units digit of (156/(-18))/((-2)/15)?
5
Let i(a) = 6*a + 14. Let o be i(-5). Let t = o - -17. What is the units digit of t?
1
Suppose -8 = 4*n, 6*h - h - 5*n = 400. What is the tens digit of h?
7
Let v(g) = -6*g**3 + 1. Let q(u) = u**2 + 3*u - 5. Let j be q(-4). What is the units digit of v(j)?
7
Let x(g) = 3*g**2 - g - 2. Let p = 2 - 0. What is the units digit of x(p)?
8
Let r = 27 + -92. Let i = -31 - r. What is the tens digit of i?
3
Let o = -109 + 182. What is the tens digit of o?
7
Let n = 13 + -18. Let u(x) = 2*x**2 + 3*x - 2. What is the tens digit of u(n)?
3
Let t = -1 - -22. What is the tens digit of t?
2
Let p be (-1*2)/(4/(-2)). Suppose -b - 4 = -p. What is the units digit of 40/6 - (-2)/b?
6
Let h = 164 - 27. What is the hundreds digit of h?
1
Let t be (-10)/12 + 3/(-18). Let u be (-1)/(t/5*1). Suppose u*v - 18 = 12. What is the units digit of v?
6
Let i(b) = 4*b**3 - b**2 + b + 1. Let y be i(-1). What is the units digit of (6/y)/(2/(-15))?
9
Let g = -413 - -710. What is the units digit of g?
7
Let t = 30 - 21. What is the units digit of t?
9
Let q(y) = -y**2 + 10*y - 10. Let g be q(8). Let o = g + -6. What is the units digit of o/2 - -10*2?
0
Let q = -42 + 21. Suppose 5*w - 4*w - 152 = -5*n, 5*w = -15. Let d = n + q. What is the units digit of d?
0
Suppose -b = b + 4*q - 2, b - 21 = 3*q. What is the units digit of b/(-15) + (-8)/(-5)?
1
Let t(s) = 3*s - 2. Suppose 2*n - 1 = 3. What is the units digit of t(n)?
4
Suppose 0 = -2*s - 2 - 8. Let i = s + 17. What is the units digit of i?
2
Let u be (-291)/12 - (-12)/(-16). Suppose -j - 3*t = 4, -3*j + 2*j + 5*t = 28. Let v = j - u. What is the tens digit of v?
1
Let z(u) be the first derivative of -u**4/4 - 2*u**3 - 2*u**2 + u + 2. Let p be z(-5). Let n = p + 7. What is the units digit of n?
3
Let t be 304/14 - 2/(-7). Suppose -4*a + t = -2*a. Suppose -2*l - a = -p, -12 = -2*p + l + 7. What is the units digit of p?
9
Let x(c) = -c - 18. Let h be x(-8). What is the units digit of (-5)/(h/4) - -2?
4
Suppose -3*v + 7*v - 32 = -2*j, -2*j = 5*v - 27. Let t = j + -16. What is the units digit of t?
0
Let h(t) be the second derivative of 0 + 2*t - 1/12*t**4 - 7/2*t**2 + 7/6*t**3. What is the units digit of h(5)?
3
Let c be (2 - 1)*2 + -23. Let o = -14 - c. What is the units digit of o?
7
Let t be (8/(-6))/((-5)/15). Suppose -2*r = 3*c + 2*c + 3, t*c = -2*r. What is the units digit of r?
6
Let r(j) = 25*j**2 + 3*j + 6. What is the tens digit of r(-2)?
0
Let z be ((-24)/(-20))/((-2)/(-10)). Let a be (-88)/(-12) + 4/z. Suppose -20 = -r - 5*i, -r = -0*r + i - a. What is the units digit of r?
5
Suppose 2*s + 36 = 5*s. Suppose 6 + 6 = -3*o, 0 = -4*g - 2*o - s. What is the units digit of (g + 0)/((-2)/10)?
5
Let w(c) = c. Let h be w(-2). Let q be (-2)/(0 - h)*-10. Suppose 2*a - 2*v = 14, -v = -5*a + 9 + q. What is the units digit of a?
3
Suppose 4*b + g - 383 = -b, 73 = b + 2*g. Suppose 0 = -4*u - 17 + b. What is the tens digit of u?
1
Let g(d) = d**2 - 9*d. What is the units digit of g(11)?
2
Let y(f) = f**3 - 6*f**2 + 7*f + 3. Let l be y(6). Suppose -2*n + l = n. Suppose 0*v = 3*v - n. What is the units digit of v?
5
Suppose 0 = -4*l + 2*d + 14, 6*l + 4*d = 2*l - 4. Let f(a) = -2*a - 6. Let x be f(7). What is the units digit of x/(-15)*3/l?
2
Let f = 64 + -37. What is the tens digit of f?
2
Let b(f) = 5*f**2 + 4*f + 1. Let d be b(3). What is the units digit of d/7 - 6/21?
8
Suppose 21 = -s - 2*s. Let a be (3*-1)/(7/s). Let n = 0 + a. What is the units digit of n?
3
Let m = 68 + -37. What is the tens digit of m?
3
Suppose 0 = -3*t + 9 - 0. Suppose -4*x = x + 5*g - 110, -t*x + 90 = -5*g. What is the tens digit of x?
2
Let i be (0 - (-1)/(-3))*-66. Suppose 0 = 3*j + 6, -w = -4*j - i - 1. What is the tens digit of w?
1
Suppose 9 = 5*p - 1021. What is the hundreds digit of p?
2
Let r be (-8)/(-6) - 4/12. Let x = 4 + r. Suppose 3*g = -3*d - 9, -3*d - x*g = 10 + 9. What is the units digit of d?
2
Suppose 4*v + 41 = 4*p - 227, p - 3*v = 57. What is the tens digit of p?
7
Suppose -12 = 3*k - 3. Let x = 5 + k. What is the units digit of x?
2
Let b be (-1 + 11)*6/5. Suppose 0 = -0*r + 4*r - b. Suppose 0 = -r*x + 6. What is the units digit of x?
2
Let u(x) = -x**3 - 3*x**2 - 2*x - 2. Let g be u(-2). Let w = 8 + g. Let a(r) = r**3 - 5*r**2 - 5*r - 2. What is the units digit of a(w)?
4
Suppose 20 = 5*x - 5*u, -4*x + u + 10 = -u. Suppose -4*i + 7 = -x. What is the units digit of i?
2
Let v be (-1)/(-1)*(0 - 25). Let x = -15 - v. Let r = x - 8. What is the units digit of r?
2
Suppose 5*t - 1 = -j, -3*t + 9 = 4*j - 12. Let u(r) = -r**3 + 7*r**2 - 5*r + 1. What is the units digit of u(j)?
7
Suppose 3*n - 38 = 304. What is the units digit of n?
4
Let x = 45 + -14. What is the tens digit of x?
3
Let d(i) = i + 1. Let l(v) = 6. Let x(m) = 2*d(m) - l(m). Let c be x(4). Suppose -q + 0*q = -c. What is the units digit of q?
4
Suppose 11*n - 69 = 8*n. What is the tens digit of n?
2
Suppose 0 = 3*u - u - 196. Suppose -u = -5*j + 2*x, x + 20 = 2*j - 19. What is the units digit of j?
0
Let p(k) = -2*k - 3. Let t be p(4). What is the tens digit of t/(-2)*2/1?
1
What is the tens digit of (-2)/9 + (-3295)/(-45)?
7
Let c(g) = -6*g + 2. Let v be c(2). What is the tens digit of (38/v)/((-2)/10)?
1
Let z(h) = h - 7. Let l(a) = -a + 7. Let t(j) = 5*l(j) + 4*z(j). Let o be t(4). Suppose 27 = 3*k + o. What is the units digit of k?
8
Suppose 12 = 2*k + 2*k. Suppose c + 4*g = k*c - 46, 4*c - 4*g = 88. What is the units digit of c?
1
Suppose -3*j + 43 = 5*v - 74, -5*j + 235 = -5*v. What is the tens digit of j?
4
Suppose 2*s - 56 = -2*a, -a + 115 = 4*s - 0*a. What is the units digit of s?
9
Let j be (-26)/4*(-4 + 2). Suppose 3 = 5*d + j. Let c = d + 16. What is the units digit of c?
4
Suppose -3*p = 4*v - 72, 3*p = 5*v - 5 + 77. What is the units digit of 2/8 - (-90)/p?
4
Let o(z) = z**2 - 2*z + 9. What is the units digit of o(-4)?
3
Let o(n) = -n**3 + 3*n**2 - 2. Let z be o(3). Let y be ((-4)/(-8))/(2/(-4)). What is the units digit of -5 - z - y - -8?
6
Suppose -3 - 2 = -u. Suppose 12 = -u*g - 8. Let p(l) = l**3 + 3*l**2 - 4*l + 1. What is the units digit of p(g)?
1
Let i be (-10)/(-30)*(0 - 3). Let d(x) = -18*x**3 - 2*x**2 - 2*x - 1. What is the units digit of d(i)?
7
Let p be (-1 - (0 - -2)) + -15. What is the units digit of ((-6)/(-9) + -1)*p?
6
Suppose 5*r - 270 = -3*h, -4*r - h + 246 = 37. What is the units digit of r?
